culate (-5 + 0 - -3) + -3.
-5
What is the value of 4 - (-1 - -5) - 6?
-6
Evaluate 1 + 1 - (-10 - -16).
-4
Evaluate 7 - (2 + -2) - 8.
-1
Evaluate (2 + -6 - 0) + (10 - 9).
-3
What is 10 - 4 - 10 - (-5 - 4)?
5
What is 10 + (13 - 5) + -25?
-7
-10 - -16 - (0 + -1) - 7
0
14 - (4 + (4 - 1) + -1)
8
(1 - 10) + 13 - 0
4
Evaluate -3 - (0 - (8 - (5 + -5))).
5
1 + (0 - -2 - 5)
-2
What is the value of 20 + -9 - 15 - (1 + -11)?
6
What is 2 + (4 - 11) + 0?
-5
Evaluate -4 - (-6 - -3 - -4).
-5
Evaluate 1 + 4 + -1 + -5.
-1
What is the value of 6 + 6 + (-1 - 8) - 9?
-6
Calculate (-51 - -51) + -5 + -1.
-6
What is 1 + -5 + 17 + -9?
4
(-1 - -3) + (-2 - (2 + -1))
-1
What is the value of -1 + (-3 - -7) + 3 + -10?
-4
Evaluate -3 - (6 + -6 - 1).
-2
What is 1 + 5 - (-94 + 94)?
6
Evaluate -6 + 3 - -15 - 4.
8
What is the value of 6 + -3 - (3 - (6 - 2))?
4
Calculate (-1 - -10) + (-13 - (13 + -21)).
4
What is the value of -2 + (-2 - 0) - (-2 - 1)?
-1
Evaluate 2 - 0 - -1 - 1.
2
What is the value of -4 + 5 + 1 + 1 + -5?
-2
What is the value of -56 + 51 + (-2 - -4)?
-3
Calculate -6 - (-15 + 2 + 2).
5
What is the value of (-2 - -5) + 2 + -9 + 2?
-2
What is -1 - (2 - (-3 + 2))?
-4
10 - (2 + 5 - 2)
5
(8 - 1) + -27 + 15
-5
Evaluate (8 - (-4 - -16) - 9) + 8.
-5
Calculate (0 - (-2 + 0)) + 0.
2
What is the value of -1 - ((1 - (0 + 0)) + -4)?
2
Calculate -6 - 1 - (-3 - 6 - 1).
3
(7 - -3 - 4) + 0
6
(-5 - (2 + -3)) + (2 - -2)
0
What is the value of 10 + 7 + -8 + -2?
7
Evaluate 1 - (0 - (6 + -4)).
3
Evaluate -2 - (0 - (-4 + 9)).
3
-5 - (-21 - (-18 - -9))
7
What is 6 + -2 + 8 + -11?
1
Calculate 4 + -3 - (-2 - 1).
4
Calculate -32 + 22 + 15 + -4.
1
Evaluate 13 + (7 + -21 - -7).
6
(4 - (1 + 2)) + (-10 - -4)
-5
Calculate 0 + -2 - (-3 - (0 + -3)).
-2
What is the value of 1 - 14 - (17 - 8 - 17)?
-5
Evaluate -1 + 1 - -4 - (93 - 87).
-2
6 + -10 + -1 + 6
1
Evaluate -15 + 2 - (-38 + 23).
2
Calculate -3 - -7 - 9 - -12.
7
What is the value of -10 + -2 + (6 - 4) - -7?
-3
What is 1 + (1 - 2) + 6 - 4?
2
-2 + -3 + 1 + 8
4
Calculate 3 + -4 - (3 - 1).
-3
What is (1 - (6 - (3 + -3))) + 1?
-4
-3 - (-7 + 0) - 4
0
Evaluate 7 + -7 + -2 + (-1 - 7).
-10
4 + 1 - (-3 - -11 - 3)
0
What is the value of -5 + (-2 - (-17 - -10))?
0
(0 - (-2 + -2 + 6)) + 3
1
Evaluate 0 + -2 + (-7 - -6).
-3
What is -16 - -8 - (-2 - 14)?
8
Evaluate 4 + (1 - (4 + -2 - -2)).
1
Calculate (-1 - 1) + (7 - -1) + -3.
3
-8 + -3 + 7 + 7
3
-18 + 5 - (-14 + 3)
-2
Calculate -1 - (7 + -11 - 6).
9
Evaluate ((4 - 0) + -1 - 0) + -4.
-1
What is the value of (-8 - (-10 + 6)) + -4?
-8
Calculate 1 + (-5 - -2) + -2 + 4.
0
Evaluate 2 - 7 - (0 + 0).
-5
What is the value of 0 - (11 + (4 - 10))?
-5
What is -7 + (2 - (-3 + 0))?
-2
What is -3 + (-3 - (-5 + -1 + -1))?
1
What is -3 + (-1 - (-4 + 1)) + -3?
-4
Calculate (-3 - (1 + -1)) + (22 - 19).
0
What is the value of (3 - -1) + -8 + 8 + -2?
2
Evaluate 0 - (-4 + 3 + -3).
4
Evaluate (-6 - (5 - 8)) + 2.
-1
What is (-2 - -10) + -6 - (6 - 1)?
-3
-6 - (-8 - ((2 - -5) + -9))
0
What is the value of (6 - 1) + (-8 - 0)?
-3
What is 0 - ((2 - (1 - 0)) + 3)?
-4
Evaluate (1 - -1) + -1 - (-1 + 4).
-2
Calculate -46 + 40 - (2 + -4 - 3).
-1
What is 1 - (-3 + -2) - (-15 + 19)?
2
What is -45 - -43 - (-1 - -4)?
-5
-5 + -4 + 9 - -2
2
What is -2 + (2 - (-4 + 3)) - 5?
-4
What is the value of (60 - 54) + (-7 - 1)?
-2
What is (-19 - (-12 - -4)) + 4 + 2?
-5
Evaluate -5 - (-22 + (-4 - -13)).
8
What is -2 + (-5 - (-4 - -2))?
-5
Calculate -6 + (1 + -4 - -4).
-5
Calculate (-3 - -6) + (0 - 2).
1
What is the value of (-4 - -4) + -5 - (2 + 2)?
-9
-3 + (-6 - (0 + -5))
-4
What is 0 - (1 + -3 - -7)?
-5
Evaluate -4 - ((-2 + 4 - 0) + -7).
1
Calculate -4 - (-3 + 5) - -3.
-3
What is the value of 4 + -2 - (-5 - -8)?
-1
What is the value of 1 + (2 - (3 + 3) - 2)?
-5
What is 2 + (-6 - -4) - -4?
4
What is the value of (3 - -4) + -1 + -4?
2
Calculate -3 + 0 + (23 - 18).
2
What is the value of 1 - 0 - (-27 + 35)?
-7
Calculate (31 - (-1 + 24)) + -1 + -16.
-9
What is (-1 - 0 - -2 - -3) + -3?
1
Evaluate -6 + (-2 - -7) - (-1 + 1).
-1
-9 - ((3 - 6) + -2)
-4
What is 6 + -1 + (1 - 1) + -1?
4
What is the value of 2 - (-2 + 3 + 2)?
-1
2 + 6 - (10 + -13 + 9)
2
What is -47 + 44 + (0 - -1)?
-2
Evaluate 7 + (3 - (3 + 4)).
3
What is the value of -5 - ((2 - (-4 + 1)) + -14)?
4
Evaluate (-1 - -2 - 5) + 15 + -14.
-3
What is the value of 6 - (4 + (6 - (4 + -1)))?
-1
What is -4 - (-4 + -1) - (3 - 2)?
0
What is the value of -1 + (-1 - 2) + (0 - -2)?
-2
What is -6 - (1 + -3 + -2)?
-2
What is -3 + -1 - (3 + -2)?
-5
Evaluate -1 - (2 + 0 + -9) - 13.
-7
What is the value of -1 + (4 - (-7 + 5))?
5
What is the value of 7 + -9 + -2 + 4?
0
What is the value of (3 + -3 - -2) + -1 + 0?
1
What is the value of 9 - ((-4 - -6) + 5)?
2
Calculate 3 + (-1 - -2) + (-32 - -31).
3
Evaluate 7 + (6 + -19 - (-7 - -2)).
-1
What is the value of (10 - 8) + 2 + -9?
-5
10 + -5 - 6 - -4 - 1
2
Calculate 11 - (-1 - -3 - (-3 - -1)).
7
-4 + (3 + -3 + -4 - -9)
1
What is the value of -1 + -4 + (-40 - -42)?
-3
Evaluate -2 + (9 - 4) - 8.
-5
Calculate (3 - -7) + (-9 - 0).
1
12 + -9 + (4 - 1) + -1
5
Calculate -1 + 6 - 4 - 2.
-1
(9 - 5) + (1 - 0)
5
Calculate 15 + (-4 + 5 - 13).
3
Calculate -5 + -5 + 6 - -8.
4
-6 + (-3 - -12) + 19 + -20
2
What is (-1 + 2 - (3 - 1)) + 5?
4
-5 + 2 + 1 + -3
-5
What is the value of -2 + 7 + 10 + -8?
7
What is the value of (24 - 32) + (-2 - -1) + 7?
-2
Calculate 0 - (2 + 1 - 4 - 5).
6
What is the value of (2 - 7) + 10 + -5?
0
Calculate 4 - ((7 - 1) + -2) - 2.
-2
Evaluate 6 + -3 - (0 - 4) - 5.
2
-5 - (1 + 0 + (-50 - -48))
-4
0 + 9 + -8 + 4
5
Calculate -1 + -2 - (3 + -2).
-4
What is 2 + -4 + -1 + 8?
5
What is the value of 2 + (2 - -2 - 10) - -3?
-1
0 - (4 + -5) - (-1 - -6)
-4
What is the value of -8 + (-3 - -8 - 1)?
-4
What is the value of 4 - (9 + -3) - (-1 + -4)?
3
Evaluate (-16 - 0) + (-167 - -182).
-1
3 + (-42 - -37) + -7 + -1
-10
Evaluate 4 + 2 + -5 - -3 - -3.
7
What is -239 + 246 + (-4 - -1)?
4
What is the value of -8 + (0 - 0) + 2 - -3?
-3
What is the value of 4 - (7 - (3 - 1))?
-1
Calculate 5 + 0 - ((13 - 0) + -2).
-6
What is 3 + 1 - (13 + -11 + 5)?
-3
-12 + (-3 - (5 - 10 - 3))
-7
(-2 - 0) + (-4 - (3 - 4))
-5
(11 - (18 - 13)) + -9
-3
What is -1 + -12 - (-7 + 3 - 1)?
-8
Calculate 2 + -5 + 1 + 1.
-1
Calculate -4 - (-3 + (0 - 5) + -5).
9
What is 6 + -2 + 3 + -12?
-5
Evaluate 1 - (-1 + -3 - -3).
2
Calculate (-9 + 0 - -4) + 1.
-4
What is the value of -4 + 2 + 3 + 3 - 9?
-5
What is the value of 19 + (-19 - 1) + 8?
7
What is 10 + (1 - 10) + -7?
-6
Calculate 1 + -5 + 7 - 4.
-1
What is 0 - ((1 - 0) + 3 - 4)?
0
-10 + (1 - -5 - 1) - 0
-5
5 + (-4 - -4) + -5
0
Evaluate -4 - (5 + -4) - -4.
-1
What is the value of -2 - (-7 + 0 + 0)?
5
What is 4 - 8 - (-4 + (7 - 12))?
5
What is the value of ((3 - -1) + -2 - 3) + 2?
1
What is (7 + -1 - (-19 - -20)) + -12?
-7
What is the value of 11 - 4 - 4 - -1?
4
What is the value of -5 + (9 + -5 + -2 - -2)?
-1
Calculate -5 - 1 - (-6 + -15 - -9).
6
What is the value of (-7 - (-2 - 1)) + 3?
-1
What is the value of 3 - (-7 - (-7 - (-6 + 6)))?
3
What is the value of 6 - (6 + (-4 - -10))?
-6
What is the value of -15 - -18 - (2 + 2)?
-1
Calculate 7 - ((1 - 3) + 3 - -1).
5
Calculate -2 - (0 - (3 - 2)).
-1
Calculate 2 + 0 + -2 + (3 - 8).
-5
What is (2 - -4) + -1 + -1 - 2?
2
What is (-3 + 1 - (25 - 22)) + 4?
-1
-1 + 0 + 2 + 4 + -7
-2
Evaluate 1 - 5 - (-1 + -2 + 1).
-2
What is the value of 5 + -5 + (-6 - -9 - -5)?
8
What is the value of -16 - -23 - (-2 + 6)?
3
What is the value of 5 + 2 + -10 + 10?
7
Evaluate 3 + 0 - (-3 + -1 + 7).
0
-3 - -2 - 1 - -4
2
What is -1 - -7 - (-5 + 6)?
5
What is (-6 - -3) + -13 - (-36 - -30)?
-10
Evaluate -15 + (-4 - (-12 - 1)) + -2.
-8
-1 + 1 + -6 + 2 + 1
-3
-1 - -10 - (4 + 0)
5
4 - (-1 - (-21 - -6)) - -1
-9
Calculate 1 + (-8 - -7) - -5.
5
(1 - -7) + (10 - 13)
5
Calculate -5 + (3 - (-6 - -6)).
-2
What is -11 + 14 - (9 - -1)?
-7
Calculate -4 + (3 + 1 - 3) + 3.
0
1 - (7 + 1 + -5) - -2
0
What is the value of 13 + 4 + (-4 - 5)?
8
What is (3 + -5 - (3 + -3)) + 2?
0
What is (-6 - -20 - (2 - -2)) + -5?
5
Evaluate (-1 - -4) + 0 - 2.
1
Calculate 1 - (0 - -2 - (7 - 6)).
0
5 + -1 + (0 - 1) + 2
5
What is the value of 3 + 5 + -9 + 5?
4
Evaluate (-1 + (2 - 1) - 4) + 1.
-3
Evaluate 6 + 1 - (45 + -41).
3
(3 - (7 - 8)) + 6
10
What is (0 - ((1 - -4) + -7)) + -1?
1
